e greatest common factor of 532 and 20734.
14
Calculate the greatest common factor of 45472 and 896.
224
What is the greatest common factor of 5510 and 8410?
290
Calculate the highest common factor of 30 and 2802210.
30
Calculate the greatest common factor of 910 and 65450.
70
What is the greatest common factor of 4031 and 9591?
139
What is the highest common divisor of 28 and 232876?
28
Calculate the greatest common divisor of 2240114 and 94.
94
Calculate the highest common divisor of 42 and 159663.
21
Calculate the greatest common factor of 3857 and 956739.
203
Calculate the greatest common factor of 2000 and 51125.
125
Calculate the highest common factor of 1247 and 1763.
43
What is the highest common divisor of 712 and 290941?
89
What is the highest common factor of 42534 and 1807?
139
Calculate the greatest common factor of 47508 and 18648.
444
Calculate the highest common factor of 36580 and 30380.
620
Calculate the highest common divisor of 21287 and 56.
7
Calculate the greatest common divisor of 530 and 59042.
106
What is the greatest common factor of 48 and 1517136?
48
Calculate the greatest common factor of 314379 and 26.
13
Calculate the greatest common divisor of 642312 and 126.
18
What is the highest common factor of 610885 and 44?
11
Calculate the greatest common divisor of 730382 and 1926.
214
Calculate the highest common factor of 6165 and 90.
45
Calculate the greatest common divisor of 91037 and 59.
59
Calculate the greatest common divisor of 2579331 and 10479.
1497
What is the greatest common factor of 92594 and 536?
134
What is the greatest common factor of 4000 and 576?
32
Calculate the highest common divisor of 144 and 21600.
144
What is the highest common divisor of 1139 and 19601?
17
Calculate the greatest common factor of 1915728 and 535.
107
What is the greatest common divisor of 98 and 85897?
49
Calculate the greatest common factor of 9450 and 129570.
210
What is the greatest common divisor of 51541 and 3367?
259
What is the greatest common divisor of 35680 and 223?
223
Calculate the highest common divisor of 24566 and 2130.
142
What is the highest common divisor of 6 and 2157726?
6
What is the highest common divisor of 1780 and 3115?
445
Calculate the highest common divisor of 87 and 524001.
87
What is the greatest common factor of 8294 and 55198?
286
Calculate the highest common divisor of 133 and 14777.
7
What is the highest common divisor of 3764 and 298297?
941
What is the highest common factor of 19893 and 741?
57
Calculate the highest common divisor of 136819 and 1083.
361
Calculate the highest common divisor of 768 and 11694.
6
What is the highest common divisor of 319 and 596849?
319
Calculate the greatest common divisor of 966 and 47978.
322
Calculate the greatest common factor of 1089 and 987723.
1089
Calculate the highest common factor of 131307 and 173.
173
Calculate the highest common factor of 2948358 and 63.
21
What is the highest common divisor of 25 and 5675?
25
What is the highest common factor of 7 and 245350?
7
What is the greatest common factor of 24045 and 245?
35
What is the highest common factor of 2383306 and 92?
46
What is the greatest common divisor of 16 and 19208?
8
What is the greatest common factor of 120 and 4344000?
120
Calculate the greatest common divisor of 161597 and 159.
53
Calculate the highest common divisor of 36864 and 171.
9
Calculate the highest common divisor of 29516 and 564.
188
Calculate the greatest common divisor of 2889 and 41730.
321
Calculate the highest common factor of 1130 and 63167.
113
What is the highest common factor of 174 and 56289?
87
What is the highest common divisor of 434984 and 44?
44
What is the highest common divisor of 507 and 28080?
39
Calculate the highest common factor of 6630 and 26430.
30
What is the greatest common factor of 79101 and 792?
99
Calculate the highest common factor of 334270 and 70.
10
What is the highest common divisor of 4674 and 130017?
57
Calculate the greatest common factor of 570 and 68535.
15
What is the greatest common factor of 434 and 658?
14
What is the highest common divisor of 600336 and 7392?
528
Calculate the greatest common divisor of 33 and 9255.
3
Calculate the greatest common divisor of 588 and 282372.
12
What is the greatest common factor of 64809 and 342?
171
What is the highest common divisor of 581772 and 84?
12
What is the greatest common factor of 27357 and 132?
33
What is the highest common divisor of 3324 and 32?
4
What is the highest common factor of 65 and 9945?
65
Calculate the greatest common factor of 864 and 4023.
27
What is the greatest common factor of 55682 and 22?
22
Calculate the highest common factor of 16500 and 2532.
12
Calculate the highest common divisor of 333 and 6438.
111
What is the greatest common divisor of 446255 and 5960?
745
What is the highest common factor of 407 and 4625?
37
Calculate the greatest common factor of 32872 and 344.
8
What is the greatest common divisor of 21 and 6932793?
21
What is the highest common divisor of 185067 and 9?
9
What is the greatest common factor of 159405 and 15?
15
What is the highest common divisor of 713966 and 1564?
782
What is the greatest common divisor of 15 and 30355?
5
Calculate the highest common divisor of 36905 and 9455.
305
Calculate the highest common factor of 920 and 16000.
40
What is the greatest common divisor of 136 and 151436?
68
What is the greatest common factor of 1526 and 36526?
14
What is the greatest common factor of 4056 and 470964?
156
What is the greatest common divisor of 1008 and 40248?
72
What is the highest common divisor of 4303 and 206?
1
What is the highest common factor of 704 and 149666?
22
Calculate the greatest common divisor of 1233118 and 31.
31
What is the greatest common factor of 264 and 49236?
132
What is the greatest common divisor of 916 and 3407978?
458
What is the highest common factor of 83358 and 990?
198
What is the highest common divisor of 29 and 208481?
29
Calculate the greatest common divisor of 63522 and 1530.
18
Calculate the highest common divisor of 9121 and 14469.
7
What is the greatest common factor of 150 and 59010?
30
What is the greatest common factor of 10496 and 1664?
128
What is the highest common factor of 112 and 402892?
28
Calculate the highest common divisor of 104 and 4615.
13
What is the highest common factor of 3520 and 443080?
440
What is the greatest common divisor of 50 and 23350?
50
What is the highest common divisor of 60 and 179868?
12
Calculate the highest common factor of 79542 and 333.
9
Calculate the greatest common divisor of 361 and 53732.
19
What is the greatest common divisor of 45214 and 47138?
962
What is the highest common divisor of 1651 and 142621?
127
Calculate the greatest common factor of 18 and 27042.
6
What is the highest common factor of 79592 and 72?
8
What is the highest common factor of 192 and 354?
6
Calculate the highest common factor of 1845436 and 4.
4
Calculate the greatest common divisor of 37848 and 1539.
57
Calculate the highest common divisor of 552 and 33.
3
Calculate the highest common divisor of 31269 and 4200.
21
What is the highest common divisor of 14 and 6659954?
14
Calculate the highest common factor of 352718 and 62.
62
Calculate the greatest common factor of 9776 and 17625.
47
What is the greatest common divisor of 190230 and 3?
3
What is the greatest common divisor of 65 and 338585?
65
Calculate the greatest common divisor of 959750 and 300.
50
What is the highest common factor of 73294 and 286?
26
What is the greatest common divisor of 1191 and 3472559?
397
Calculate the highest common factor of 505700 and 13.
13
What is the highest common factor of 51 and 288371?
17
What is the greatest common factor of 3212 and 7964?
44
Calculate the greatest common factor of 444 and 41588.
148
Calculate the greatest common factor of 2295430 and 1830.
610
What is the highest common divisor of 10 and 1576390?
10
What is the highest common divisor of 14260 and 24180?
620
What is the highest common factor of 5351944 and 52?
52
Calculate the greatest common factor of 4794431 and 316.
79
What is the greatest common divisor of 106392 and 416?
104
What is the highest common factor of 11476 and 304?
76
What is the highest common factor of 2